Calculate the greatest common divisor of g and m.
10
Let k be (36/21)/(3*(-1)/(-63)). Suppose 1326 = -2*h + k*h. Calculate the greatest common divisor of 195 and h.
39
Let y = 748 + -442. Suppose -m - 795 - 735 = -5*c, -c + y = -5*m. What is the highest common divisor of 34 and c?
34
Suppose -41*h + 633 - 59 = 0. Let z(w) = 3*w**3 + 2*w**2 + w - 2. Let g be z(2). Suppose -5*p + g + 3 = 0. Calculate the greatest common factor of p and h.
7
Let b(j) = -6*j - 4. Let s be b(-10). Suppose -7*o + 3*o + 88 = 0. Suppose 0 = -4*v + 10 + o. What is the greatest common divisor of v and s?
8
Let t be (4 + -3 - (-1)/(-3))*984/16. What is the highest common factor of 7544 and t?
41
Suppose -2*n = 3*n - 280. Suppose 0*h = 4*h - 20. Suppose 2*x - 5*z - 172 = -z, -415 = -h*x - 5*z. What is the highest common divisor of x and n?
28
Let t(w) = -50*w - 1682. Let r be t(-34). Let p be 2/9 - 212/(-18). Calculate the greatest common divisor of r and p.
6
Suppose y = 157*y - 36036. Calculate the greatest common factor of 561 and y.
33
Suppose 3*g + 3*a - 1485 = 0, 2*a + 255 = -4*g + 2235. Let u be (0 + -2 - 17 - (-56 - -48))/(1/(-5)). Calculate the highest common factor of g and u.
55
Suppose -t = 25 + 3. Let j(z) = -3*z - 3. Let s be j(-1). Let u = s - t. Calculate the highest common factor of 4 and u.
4
Suppose 4*t - 176 + 60 = 0. Suppose 2*u = 3*x - 3*u - t, -4*x + 5*u = -37. Suppose 61 = 4*q - 67. Calculate the highest common factor of x and q.
8
Let y = -1359 - -1545. Calculate the highest common factor of 6882 and y.
186
Let g be 42/(-567) - (-245)/27. What is the highest common factor of g and 927?
9
Let l = -648 + 696. What is the highest common divisor of 1416 and l?
24
Let w(o) = 4*o**2 + 9*o - 2. Let g = -952 - -956. Let u be w(g). What is the greatest common factor of 84 and u?
14
Let z be (11 - 1 - 8)*2990. Calculate the greatest common divisor of 1150 and z.
230
Let i(r) = -55*r**2 + 46*r**2 + 6 - 9*r + 22*r**2 + 25*r**2. Let q be i(2). What is the highest common factor of q and 126?
14
Suppose -481*s - 25 = -476*s, -n - s = -695. What is the greatest common factor of n and 75?
25
Let c = 647 - -849. Let t be ((-42)/8 - 0)/((-11)/c). Calculate the highest common factor of t and 42.
42
Let g(v) = -v**2 - 15*v + 24. Let l be g(-17). Let u be (l/(-25))/((-2)/(-35)). Let d be (-490)/25*10/(-4). Calculate the highest common factor of d and u.
7
Suppose 2*b + t = -t - 8, 4*b + 19 = -5*t. Let m be (-12)/b*(-4)/(-3). What is the greatest common factor of m and 2?
2
Let c(q) = -67*q - 294. Let r be c(-4). Suppose 0 = -4*i - 2*w + 146, 0*i - 141 = -4*i - 3*w. Let a = i + r. Calculate the highest common factor of 39 and a.
13
Suppose -20*l - 384 = -32*l. Suppose 11*g = 4*s + 6*g - 583, -3*g - 137 = -s. What is the greatest common factor of l and s?
8
Suppose 3*w + 666 = 4*x - 4*w, 5*x + 2*w = 854. What is the greatest common factor of 425 and x?
85
Let q = 93 + -85. Let d = 8 - q. Suppose -4*u = -4*k + 24, 20 = 4*k - d*u - 2*u. What is the highest common factor of k and 4?
4
Suppose 10*m - 179 - 101 = 0. Suppose -l = -46 + m. What is the highest common factor of l and 18?
18
Let p = 49 - 47. Let x(k) = -7*k + 9. Let y be x(1). What is the highest common divisor of y and p?
2
Suppose 187*i - 27054 = -65*i + 36702. Calculate the greatest common divisor of i and 1357.
23
Let i(a) = -93*a - 43. Let y be i(0). Let k be (2/2)/(1/63). Let b = y + k. Calculate the highest common divisor of b and 100.
20
Suppose -9*x = -136 + 19. Let b = 140 + -127. Calculate the greatest common factor of x and b.
13
Suppose 5*y + 3*h = 7828, -61*y + 60*y + 2*h + 1550 = 0. What is the highest common factor of y and 4?
2
Let b(m) = -12*m**2 - 198*m + 16. Let q be b(-11). Calculate the greatest common factor of q and 636.
106
Let o(q) = -17*q + 9*q + 9*q. Let a be o(4). Let h be a/(-12)*-9 + 2. What is the greatest common factor of h and 45?
5
Let n = -2534 + 3542. What is the greatest common divisor of 180 and n?
36
Let m be (1/(-5*1/9))/((-1)/15). What is the greatest common factor of 657 and m?
9
Let s be (116 + 15)*(2 - -49)/3. Calculate the highest common factor of 17 and s.
17
Let o be 4/10*(-7)/((-56)/(-40)). Let d be ((-60)/(-8))/(-5) + (-5)/o. Calculate the highest common divisor of 8 and d.
1
Let s(x) = 57*x + 2358. Let p be s(-41). What is the greatest common factor of p and 6048?
21
Suppose -3*w = 3*b - 15, -b = -0*w + 3*w - 1. Suppose 4*p - 11 = -b. What is the highest common divisor of p and 61?
1
Let p = 40 + -22. Let w be (24/p)/((-2)/(-9)). Suppose 970 - 34 = w*i. What is the greatest common divisor of i and 12?
12
Let g(t) = -3*t + 4. Let w be g(-60). What is the highest common divisor of 104 and w?
8
Let c = 3597 + -3142. What is the highest common divisor of 2405 and c?
65
Let m = 195 + -108. Suppose -m = 5*i - 852. Suppose 27*g - 244 = 215. What is the highest common factor of i and g?
17
Let a(r) = 17 + 2 + 150*r - 8. Let v be a(-1). Let c = v - -223. What is the highest common factor of c and 21?
21
Let l = -34778 - -37499. What is the highest common factor of l and 3?
3
Let x be ((-30)/(-12))/((-2)/(-12)). Suppose 50 = 2*c - 0*c. Calculate the highest common divisor of c and x.
5
Let u = 3968 - 1415. What is the greatest common divisor of u and 222?
111
Let r = -13822 + 19470. What is the highest common factor of r and 32?
16
Suppose 95*u + 0*u - 388438 = -46533. What is the highest common factor of u and 59?
59
Suppose 49*i = 45*i - 2*y + 530, 5*i + y = 673. Calculate the greatest common factor of 323 and i.
17
Let f(k) = -k + 8. Let a be f(15). Let b be (60600/(-35))/(-6) + (-3)/a. Suppose 4*x = 151 + b. Calculate the highest common factor of x and 44.
22
Let u = -2725 - -2732. Suppose 2*s = 4*w, 3*w = 3*s + 2*w + 5. Let o be (s/4)/((-2)/308). What is the highest common divisor of o and u?
7
Suppose 0 = d + 3 + 1, -t = -2*d - 16. Let x be 8 - 1/1 - 20/20. Let k(n) = 4*n**2 - 13*n + 22. Let y be k(x). What is the greatest common factor of y and t?
8
Let g = 373 + -103. Suppose 150 = 5*j + 5*u, 4*u + 150 - 54 = 4*j. What is the highest common factor of g and j?
27
Let a(v) = v**3 - 32*v**2 + 33*v - 62. Let z be a(31). Let n be 29 - -6 - (-1 - z). What is the highest common divisor of n and 156?
12
Let d(h) = 13*h - 17. Let a = -18 - -26. Let u be d(a). Let k = -51 + u. Calculate the highest common divisor of 24 and k.
12
Suppose -21*z + 19 = -2. Let s(d) = 9*d**2 + 4*d - 5. Let i be s(z). Calculate the greatest common factor of i and 872.
8
Let b be ((-38)/(-3))/((-4)/(-2)*(-11)/(-297)). What is the greatest common divisor of b and 570?
57
Suppose 20 = 15*v + 35. Let r be (-7450)/(-15) - (v + 5/3). Calculate the greatest common factor of 32 and r.
16
Let g(y) = -y**2 + 5*y + 18. Let d be g(6). Let p = 184 + -124. Calculate the highest common divisor of d and p.
12
Let n(y) = -2*y**3 - 6*y**2 - 4*y + 31. Let h be n(-7). Suppose -9*q - 100 = -h. Calculate the highest common factor of q and 663.
39
Suppose -46*j + 41*j = 5. Let x be (-4 - (-39)/12)/(j/96). Calculate the greatest common divisor of 9 and x.
9
Let f be ((-78)/8)/(-3)*-4. Let i(o) = -9*o + 48. Let l be i(f). Calculate the highest common factor of 55 and l.
55
Let s(y) = -y**3 - 16*y**2 + y + 21. Let x be s(-16). Suppose 0 = -x*c + 112 + 238. Let p = 75 + -19. Calculate the highest common factor of p and c.
14
Let j = 1161 + -677. Suppose -8*r + 28 = -j. Calculate the highest common divisor of 8 and r.
8
Let j = -87 - -95. Suppose -b + 3*o - 13 = 0, -2*b - 3*o - 30 = -j*o. Let x be -95*(2 + 65/b). What is the highest common factor of 76 and x?
19
Let c(w) = 24*w**2 - 467*w + 3751. Let o be c(8). What is the greatest common divisor of 188 and o?
47
Let h = -23528 - -44080. Calculate the greatest common factor of h and 28.
28
Suppose -u - 12 = -2*z, 2*z + 11 + 1 = -3*u. Let k be 2/((9 + u)/3). Calculate the highest common divisor of 26 and k.
2
Suppose 18705 = 209*h - 8883. What is the highest common factor of 396 and h?
132
Let r = -38947 + 45998. What is the greatest common factor of 22 and r?
11
Suppose -6*i + 627 - 57 = 0. Let r be (-19)/i - (2071/(-5) - 2). Let g = 24 + 28. Calculate the highest common divisor of g and r.
52
Suppose -203*j + 94*j = -153*j + 48180. What is the highest common divisor of